{"id":129,"date":"2016-08-30T03:43:07","date_gmt":"2016-08-30T03:43:07","guid":{"rendered":"http:\/\/myymala.neolifecare.com\/?post_type=product&#038;p=129"},"modified":"2024-09-25T09:39:19","modified_gmt":"2024-09-25T09:39:19","slug":"129","status":"publish","type":"product","link":"https:\/\/neolifecare.com\/kauppa\/tuote\/129\/","title":{"rendered":"Aloe Vera Plus"},"content":{"rendered":"<p>Optimaalinen maku ja teho saavutetaan vain aaloe vera-geelist\u00e4 uutetusta mehusta.<\/p>\n<ul>\n<li>Erityinen kolmen yrtin teesekoitus.<\/li>\n<li>Makeutettu luonnollisella fruktoosilla matalan glykeemisen vasteen aikaansaamiseksi. Antaa nopeaa ja pitk\u00e4kestoista energiaa.<\/li>\n<\/ul>\n<p>&nbsp;<\/p>\n<div class=\"grid_3\">\n<h3>K\u00e4ytt\u00f6<\/h3>\n<div class=\"TabbedBoxInnerContent\">\n<p>Juo 50-100 ml p\u00e4iv\u00e4ss\u00e4.<\/p>\n<\/div>\n<\/div>\n<div id=\"ctl00_ContentPane_CategoryView_panel_3\" class=\"TabPanel\">\n<div class=\"grid_6 alpha\">\n<table class=\"TabPanelTable\" style=\"height: 34px;\" width=\"75\">\n<colgroup>\n<col \/>\n<col class=\"TabPanelTableKey\" \/><\/colgroup>\n<thead>\n<tr>\n<th>Tyyppi ja koko<\/th>\n<th>Tuote<\/th>\n<\/tr>\n<\/thead>\n<tbody>\n<tr class=\"Shade\">\n<td>1 litra<\/td>\n<td>731<\/td>\n<\/tr>\n<\/tbody>\n<\/table>\n<\/div>\n<\/div>\n<div class=\"grid_3 omega\"><\/div>\n","protected":false},"excerpt":{"rendered":"<p>Puhtaan aaloe veran aikojen kuluessa testatuiksi tulleet hyv\u00e4t ominaisuudet ainutlaatuisessa, yksinoikeudella k\u00e4ytett\u00e4v\u00e4ss\u00e4 sekoituksessa, joka muodostaa virkist\u00e4v\u00e4n, raikkaan juoman.<\/p>\n<div class=\"grid_3\">\n<div class=\"TabbedBoxInnerContent\">\n<ul>\n<li>Tarjoaa luonnollisia ainesosia hyvinvointiasi varten.<\/li>\n<li>Herkullinen, luonnollinen maku<\/li>\n<\/ul>\n<\/div>\n<\/div>\n<div id=\"ctl00_ContentPane_CategoryView_panel_2\" class=\"TabPanel\"><\/div>\n<div class=\"grid_3\"><\/div>\n","protected":false},"featured_media":40,"comment_status":"open","ping_status":"closed","template":"","meta":[],"class_list":{"0":"post-129","1":"product","2":"type-product","3":"status-publish","4":"has-post-thumbnail","6":"product_cat-ravintolisat","7":"product_tag-aloe-vera","8":"product_tag-aloe-vera-plus","9":"product_tag-ravintolisat","11":"first","12":"outofstock","13":"taxable","14":"shipping-taxable","15":"purchasable","16":"product-type-simple"},"_links":{"self":[{"href":"https:\/\/neolifecare.com\/kauppa\/wp-json\/wp\/v2\/product\/129"}],"collection":[{"href":"https:\/\/neolifecare.com\/kauppa\/wp-json\/wp\/v2\/product"}],"about":[{"href":"https:\/\/neolifecare.com\/kauppa\/wp-json\/wp\/v2\/types\/product"}],"replies":[{"embeddable":true,"href":"https:\/\/neolifecare.com\/kauppa\/wp-json\/wp\/v2\/comments?post=129"}],"version-history":[{"count":1,"href":"https:\/\/neolifecare.com\/kauppa\/wp-json\/wp\/v2\/product\/129\/revisions"}],"predecessor-version":[{"id":866,"href":"https:\/\/neolifecare.com\/kauppa\/wp-json\/wp\/v2\/product\/129\/revisions\/866"}],"wp:featuredmedia":[{"embeddable":true,"href":"https:\/\/neolifecare.com\/kauppa\/wp-json\/wp\/v2\/media\/40"}],"wp:attachment":[{"href":"https:\/\/neolifecare.com\/kauppa\/wp-json\/wp\/v2\/media?parent=129"}],"curies":[{"name":"wp","href":"https:\/\/api.w.org\/{rel}","templated":true}]}}