{"id":896,"date":"2018-07-31T10:44:58","date_gmt":"2018-07-31T10:44:58","guid":{"rendered":"https:\/\/neolifecare.com\/kauppa\/?post_type=product&#038;p=896"},"modified":"2018-07-31T10:46:05","modified_gmt":"2018-07-31T10:46:05","slug":"1-5-kayntia-viikossa-1-h-45-min-kk-0-alv","status":"publish","type":"product","link":"https:\/\/neolifecare.com\/kauppa\/tuote\/1-5-kayntia-viikossa-1-h-45-min-kk-0-alv\/","title":{"rendered":"1-5 k\u00e4ynti\u00e4 viikossa\/ 1 h 45 min\/kk 0% alv"},"content":{"rendered":"<p>Palvelupaketti 1-5 k\u00e4ynti\u00e4 viikossa\/ 1 h 45 min \/ 175 e\/kk 0 % alv<\/p>\n<p>&nbsp;<\/p>\n","protected":false},"excerpt":{"rendered":"<p>T\u00e4ss\u00e4 palvelupaketissa k\u00e4yntej\u00e4 voi olla 1-5 viikossa. Kokonaiskesto palveluilta on 1 h 45 min viikossa, joka kattaa\u00a0\u00a0 1-5 k\u00e4ynti\u00e4.\u00a0 Voit itse p\u00e4\u00e4tt\u00e4\u00e4 k\u00e4yntien kestot. K\u00e4ynnit voivat olla kotihoitoa tai kotisairaanhoitoa tai molempia palveluja asiakkaan toiveen mukaan.<\/p>\n","protected":false},"featured_media":897,"comment_status":"open","ping_status":"closed","template":"","meta":[],"class_list":{"0":"post-896","1":"product","2":"type-product","3":"status-publish","4":"has-post-thumbnail","6":"product_cat-muut","7":"product_cat-palvelupaketit","9":"first","10":"instock","11":"taxable","12":"shipping-taxable","13":"purchasable","14":"product-type-simple"},"_links":{"self":[{"href":"https:\/\/neolifecare.com\/kauppa\/wp-json\/wp\/v2\/product\/896"}],"collection":[{"href":"https:\/\/neolifecare.com\/kauppa\/wp-json\/wp\/v2\/product"}],"about":[{"href":"https:\/\/neolifecare.com\/kauppa\/wp-json\/wp\/v2\/types\/product"}],"replies":[{"embeddable":true,"href":"https:\/\/neolifecare.com\/kauppa\/wp-json\/wp\/v2\/comments?post=896"}],"version-history":[{"count":0,"href":"https:\/\/neolifecare.com\/kauppa\/wp-json\/wp\/v2\/product\/896\/revisions"}],"wp:featuredmedia":[{"embeddable":true,"href":"https:\/\/neolifecare.com\/kauppa\/wp-json\/wp\/v2\/media\/897"}],"wp:attachment":[{"href":"https:\/\/neolifecare.com\/kauppa\/wp-json\/wp\/v2\/media?parent=896"}],"curies":[{"name":"wp","href":"https:\/\/api.w.org\/{rel}","templated":true}]}}